{"id":14,"date":"2025-10-19T11:00:42","date_gmt":"2025-10-19T11:00:42","guid":{"rendered":"https:\/\/l-ink.fr\/?page_id=14"},"modified":"2026-01-20T00:44:11","modified_gmt":"2026-01-20T00:44:11","slug":"home","status":"publish","type":"page","link":"https:\/\/l-ink.fr\/","title":{"rendered":"Accueil"},"content":{"rendered":"\t\t<div data-elementor-type=\"wp-page\" data-elementor-id=\"14\" class=\"elementor elementor-14\">\n\t\t\t\t<div class=\"elementor-element elementor-element-2d719cf e-con-full e-flex e-con e-parent\" data-id=\"2d719cf\" data-element_type=\"container\" data-settings=\"{&quot;background_background&quot;:&quot;classic&quot;}\">\n\t\t<div class=\"elementor-element elementor-element-d270262 e-con-full e-flex e-con e-child\" data-id=\"d270262\" data-element_type=\"container\">\n\t\t\t\t<div class=\"elementor-element elementor-element-3b8d71d elementor-widget elementor-widget-heading\" data-id=\"3b8d71d\" data-element_type=\"widget\" data-widget_type=\"heading.default\">\n\t\t\t\t\t<h1 class=\"elementor-heading-title elementor-size-default\">L-INK STUDIO<\/h1>\t\t\t\t<\/div>\n\t\t\t\t<div class=\"elementor-element elementor-element-5b67146 elementor-widget elementor-widget-text-editor\" data-id=\"5b67146\" data-element_type=\"widget\" data-widget_type=\"text-editor.default\">\n\t\t\t\t\t\t\t\t\t<p>L\u00e0 o\u00f9 votre vision rencontre notre art. Tatouage de pr\u00e9cision, dans un cadre soign\u00e9 et inspirant.<\/p>\t\t\t\t\t\t\t\t<\/div>\n\t\t<div class=\"elementor-element elementor-element-e376e9e e-flex e-con-boxed e-con e-child\" data-id=\"e376e9e\" data-element_type=\"container\">\n\t\t\t\t\t<div class=\"e-con-inner\">\n\t\t\t\t<div class=\"elementor-element elementor-element-d9f3945 elementor-widget elementor-widget-button\" data-id=\"d9f3945\" data-element_type=\"widget\" data-widget_type=\"button.default\">\n\t\t\t\t\t\t\t\t\t\t<a class=\"elementor-button elementor-button-link elementor-size-sm\" href=\"#\">\n\t\t\t\t\t\t<span class=\"elementor-button-content-wrapper\">\n\t\t\t\t\t\t\t\t\t<span class=\"elementor-button-text\">Projet dessin personnalis\u00e9<\/span>\n\t\t\t\t\t<\/span>\n\t\t\t\t\t<\/a>\n\t\t\t\t\t\t\t\t<\/div>\n\t\t\t\t<div class=\"elementor-element elementor-element-42a2b90 elementor-widget elementor-widget-button\" data-id=\"42a2b90\" data-element_type=\"widget\" data-widget_type=\"button.default\">\n\t\t\t\t\t\t\t\t\t\t<a class=\"elementor-button elementor-button-link elementor-size-sm\" href=\"#\">\n\t\t\t\t\t\t<span class=\"elementor-button-content-wrapper\">\n\t\t\t\t\t\t\t\t\t<span class=\"elementor-button-text\">Tatouage uniquement<\/span>\n\t\t\t\t\t<\/span>\n\t\t\t\t\t<\/a>\n\t\t\t\t\t\t\t\t<\/div>\n\t\t\t\t\t<\/div>\n\t\t\t\t<\/div>\n\t\t\t\t<\/div>\n\t\t\t\t<\/div>\n\t\t<div class=\"elementor-element elementor-element-2b59591 e-con-full e-flex e-con e-parent\" data-id=\"2b59591\" data-element_type=\"container\" data-settings=\"{&quot;background_background&quot;:&quot;classic&quot;}\">\n\t\t\t\t<div class=\"elementor-element elementor-element-cc487b3 elementor-widget elementor-widget-heading\" data-id=\"cc487b3\" data-element_type=\"widget\" data-widget_type=\"heading.default\">\n\t\t\t\t\t<h1 class=\"elementor-heading-title elementor-size-default\">Notre processus de design personnalis\u00e9<\/h1>\t\t\t\t<\/div>\n\t\t<div class=\"elementor-element elementor-element-f51d8ba e-con-full e-flex e-con e-child\" data-id=\"f51d8ba\" data-element_type=\"container\">\n\t\t<div class=\"elementor-element elementor-element-866a8ea e-con-full e-flex e-con e-child\" data-id=\"866a8ea\" data-element_type=\"container\" data-settings=\"{&quot;background_background&quot;:&quot;classic&quot;}\">\n\t\t\t\t<div class=\"elementor-element elementor-element-c294f57 elementor-widget elementor-widget-heading\" data-id=\"c294f57\" data-element_type=\"widget\" data-widget_type=\"heading.default\">\n\t\t\t\t\t<h2 class=\"elementor-heading-title elementor-size-default\">01<\/h2>\t\t\t\t<\/div>\n\t\t\t\t<div class=\"elementor-element elementor-element-97d0aae elementor-widget elementor-widget-heading\" data-id=\"97d0aae\" data-element_type=\"widget\" data-widget_type=\"heading.default\">\n\t\t\t\t\t<h2 class=\"elementor-heading-title elementor-size-default\">Concept Initial<\/h2>\t\t\t\t<\/div>\n\t\t\t\t<div class=\"elementor-element elementor-element-edc5c39 elementor-widget elementor-widget-text-editor\" data-id=\"edc5c39\" data-element_type=\"widget\" data-widget_type=\"text-editor.default\">\n\t\t\t\t\t\t\t\t\t<p>Je commence par une consultation approfondie afin de comprendre votre vision, vos inspirations et l\u2019emplacement souhait\u00e9. Chaque d\u00e9tail est essentiel pour poser des bases solides.<\/p>\t\t\t\t\t\t\t\t<\/div>\n\t\t\t\t<div class=\"elementor-element elementor-element-f8b44bf elementor-widget elementor-widget-image\" data-id=\"f8b44bf\" data-element_type=\"widget\" data-widget_type=\"image.default\">\n\t\t\t\t\t\t\t\t\t\t\t\t\t\t\t<img fetchpriority=\"high\" decoding=\"async\" width=\"800\" height=\"464\" src=\"https:\/\/l-ink.fr\/wp-content\/uploads\/2026\/01\/homepage_screen-1024x594.jpg\" class=\"attachment-large size-large wp-image-235\" alt=\"\" srcset=\"https:\/\/l-ink.fr\/wp-content\/uploads\/2026\/01\/homepage_screen-1024x594.jpg 1024w, https:\/\/l-ink.fr\/wp-content\/uploads\/2026\/01\/homepage_screen-300x174.jpg 300w, https:\/\/l-ink.fr\/wp-content\/uploads\/2026\/01\/homepage_screen-768x445.jpg 768w, https:\/\/l-ink.fr\/wp-content\/uploads\/2026\/01\/homepage_screen-1536x891.jpg 1536w, https:\/\/l-ink.fr\/wp-content\/uploads\/2026\/01\/homepage_screen-2048x1188.jpg 2048w\" sizes=\"(max-width: 800px) 100vw, 800px\" \/>\t\t\t\t\t\t\t\t\t\t\t\t\t\t\t<\/div>\n\t\t\t\t<\/div>\n\t\t<div class=\"elementor-element elementor-element-7e5f4ab e-con-full e-flex e-con e-child\" data-id=\"7e5f4ab\" data-element_type=\"container\" data-settings=\"{&quot;background_background&quot;:&quot;classic&quot;}\">\n\t\t\t\t<div class=\"elementor-element elementor-element-05add14 elementor-widget elementor-widget-heading\" data-id=\"05add14\" data-element_type=\"widget\" data-widget_type=\"heading.default\">\n\t\t\t\t\t<h2 class=\"elementor-heading-title elementor-size-default\">02<\/h2>\t\t\t\t<\/div>\n\t\t\t\t<div class=\"elementor-element elementor-element-f3ebe70 elementor-widget elementor-widget-heading\" data-id=\"f3ebe70\" data-element_type=\"widget\" data-widget_type=\"heading.default\">\n\t\t\t\t\t<h2 class=\"elementor-heading-title elementor-size-default\">Design Unique<\/h2>\t\t\t\t<\/div>\n\t\t\t\t<div class=\"elementor-element elementor-element-0ccb304 elementor-widget elementor-widget-text-editor\" data-id=\"0ccb304\" data-element_type=\"widget\" data-widget_type=\"text-editor.default\">\n\t\t\t\t\t\t\t\t\t<p>Je transforme ensuite vos id\u00e9es en un dessin original et enti\u00e8rement personnalis\u00e9, en trouvant le juste \u00e9quilibre entre esth\u00e9tique et faisabilit\u00e9 pour un rendu harmonieux.<\/p>\t\t\t\t\t\t\t\t<\/div>\n\t\t\t\t<div class=\"elementor-element elementor-element-b6a5f2c elementor-widget elementor-widget-image\" data-id=\"b6a5f2c\" data-element_type=\"widget\" data-widget_type=\"image.default\">\n\t\t\t\t\t\t\t\t\t\t\t\t\t\t\t<img fetchpriority=\"high\" decoding=\"async\" width=\"800\" height=\"464\" src=\"https:\/\/l-ink.fr\/wp-content\/uploads\/2026\/01\/homepage_screen-1024x594.jpg\" class=\"attachment-large size-large wp-image-235\" alt=\"\" srcset=\"https:\/\/l-ink.fr\/wp-content\/uploads\/2026\/01\/homepage_screen-1024x594.jpg 1024w, https:\/\/l-ink.fr\/wp-content\/uploads\/2026\/01\/homepage_screen-300x174.jpg 300w, https:\/\/l-ink.fr\/wp-content\/uploads\/2026\/01\/homepage_screen-768x445.jpg 768w, https:\/\/l-ink.fr\/wp-content\/uploads\/2026\/01\/homepage_screen-1536x891.jpg 1536w, https:\/\/l-ink.fr\/wp-content\/uploads\/2026\/01\/homepage_screen-2048x1188.jpg 2048w\" sizes=\"(max-width: 800px) 100vw, 800px\" \/>\t\t\t\t\t\t\t\t\t\t\t\t\t\t\t<\/div>\n\t\t\t\t<\/div>\n\t\t<div class=\"elementor-element elementor-element-da674b4 e-con-full e-flex e-con e-child\" data-id=\"da674b4\" data-element_type=\"container\" data-settings=\"{&quot;background_background&quot;:&quot;classic&quot;}\">\n\t\t\t\t<div class=\"elementor-element elementor-element-dc92949 elementor-widget elementor-widget-heading\" data-id=\"dc92949\" data-element_type=\"widget\" data-widget_type=\"heading.default\">\n\t\t\t\t\t<h2 class=\"elementor-heading-title elementor-size-default\">03<\/h2>\t\t\t\t<\/div>\n\t\t\t\t<div class=\"elementor-element elementor-element-b3d0870 elementor-widget elementor-widget-heading\" data-id=\"b3d0870\" data-element_type=\"widget\" data-widget_type=\"heading.default\">\n\t\t\t\t\t<h2 class=\"elementor-heading-title elementor-size-default\">Cr\u00e9ation Finale<\/h2>\t\t\t\t<\/div>\n\t\t\t\t<div class=\"elementor-element elementor-element-dc2fb82 elementor-widget elementor-widget-text-editor\" data-id=\"dc2fb82\" data-element_type=\"widget\" data-widget_type=\"text-editor.default\">\n\t\t\t\t\t\t\t\t\t<p>Une fois le design valid\u00e9, je r\u00e9alise votre tatouage avec pr\u00e9cision et minutie, en utilisant des techniques ma\u00eetris\u00e9es et des mat\u00e9riaux de haute qualit\u00e9 pour un r\u00e9sultat \u00e0 la hauteur de vos attentes.<\/p>\t\t\t\t\t\t\t\t<\/div>\n\t\t\t\t<div class=\"elementor-element elementor-element-2d4bf60 elementor-widget elementor-widget-image\" data-id=\"2d4bf60\" data-element_type=\"widget\" data-widget_type=\"image.default\">\n\t\t\t\t\t\t\t\t\t\t\t\t\t\t\t<img fetchpriority=\"high\" decoding=\"async\" width=\"800\" height=\"464\" src=\"https:\/\/l-ink.fr\/wp-content\/uploads\/2026\/01\/homepage_screen-1024x594.jpg\" class=\"attachment-large size-large wp-image-235\" alt=\"\" srcset=\"https:\/\/l-ink.fr\/wp-content\/uploads\/2026\/01\/homepage_screen-1024x594.jpg 1024w, https:\/\/l-ink.fr\/wp-content\/uploads\/2026\/01\/homepage_screen-300x174.jpg 300w, https:\/\/l-ink.fr\/wp-content\/uploads\/2026\/01\/homepage_screen-768x445.jpg 768w, https:\/\/l-ink.fr\/wp-content\/uploads\/2026\/01\/homepage_screen-1536x891.jpg 1536w, https:\/\/l-ink.fr\/wp-content\/uploads\/2026\/01\/homepage_screen-2048x1188.jpg 2048w\" sizes=\"(max-width: 800px) 100vw, 800px\" \/>\t\t\t\t\t\t\t\t\t\t\t\t\t\t\t<\/div>\n\t\t\t\t<\/div>\n\t\t\t\t<\/div>\n\t\t\t\t<\/div>\n\t\t\t\t<\/div>\n\t\t","protected":false},"excerpt":{"rendered":"<p>L-INK STUDIO L\u00e0 o\u00f9 votre vision rencontre notre art. Tatouage de pr\u00e9cision, dans un cadre soign\u00e9 et inspirant. Projet dessin personnalis\u00e9 Tatouage uniquement Notre processus de design personnalis\u00e9 01 Concept Initial Je commence par une consultation approfondie afin de comprendre votre vision, vos inspirations et l\u2019emplacement souhait\u00e9. Chaque d\u00e9tail est essentiel pour poser des bases [&hellip;]<\/p>\n","protected":false},"author":1,"featured_media":0,"parent":0,"menu_order":0,"comment_status":"closed","ping_status":"closed","template":"","meta":{"footnotes":""},"class_list":["post-14","page","type-page","status-publish","hentry"],"_links":{"self":[{"href":"https:\/\/l-ink.fr\/index.php?rest_route=\/wp\/v2\/pages\/14","targetHints":{"allow":["GET"]}}],"collection":[{"href":"https:\/\/l-ink.fr\/index.php?rest_route=\/wp\/v2\/pages"}],"about":[{"href":"https:\/\/l-ink.fr\/index.php?rest_route=\/wp\/v2\/types\/page"}],"author":[{"embeddable":true,"href":"https:\/\/l-ink.fr\/index.php?rest_route=\/wp\/v2\/users\/1"}],"replies":[{"embeddable":true,"href":"https:\/\/l-ink.fr\/index.php?rest_route=%2Fwp%2Fv2%2Fcomments&post=14"}],"version-history":[{"count":232,"href":"https:\/\/l-ink.fr\/index.php?rest_route=\/wp\/v2\/pages\/14\/revisions"}],"predecessor-version":[{"id":413,"href":"https:\/\/l-ink.fr\/index.php?rest_route=\/wp\/v2\/pages\/14\/revisions\/413"}],"wp:attachment":[{"href":"https:\/\/l-ink.fr\/index.php?rest_route=%2Fwp%2Fv2%2Fmedia&parent=14"}],"curies":[{"name":"wp","href":"https:\/\/api.w.org\/{rel}","templated":true}]}}